
892384 (base 11) to base 4
11123132332
-217326 (base 11) to base 9
-577215
Convert -2103022 (base 5) to base 2.
-1000011111001010
3657e2 (base 15) to base 10
2600537
Convert 24121214 (base 5) to base 16.
3684d
Convert 727211 (base 8) to base 5.
30210124
What is -113401243 (base 6) in base 4?
-20020033323
What is 352143 (base 7) in base 14?
1905a
What is 2364112 (base 7) in base 9?
508581
Convert -a5c245 (base 14) to base 16.
-558175
What is -b203d1 (base 14) in base 10?
-5993667
101001100010011010100 (base 2) to base 6
45101232
What is -1000033103303 (base 4) in base 3?
-1011200120000212
Convert -3a1676 (base 14) to base 13.
-551117
77915 (base 15) to base 13
103ca3
What is 20065536 (base 7) in base 3?
10010111212100
Convert 22073748 (base 9) to base 2.
101000101110110100101001
Convert -262736 (base 11) to base 6.
-12510200
Convert -4366b (base 13) to base 10.
-121938
1373673 (base 8) to base 9
655434
-11110010001010010 (base 2) to base 4
-132101102
4231200243 (base 5) to base 15
b9c39d
1122115055 (base 6) to base 4
233120121023
Convert 39b545 (base 13) to base 15.
1c8967
1e7d47 (base 15) to base 12
60101a
What is -23444201 (base 6) in base 10?
-737065
What is 117211 (base 13) in base 5?
101244320
414533 (base 6) to base 16
82b9
What is -681586 (base 9) in base 4?
-1203212322
-1321152 (base 7) to base 10
-173301
10b454 (base 13) to base 5
100134310
Convert -10126034 (base 7) to base 2.
-11001110110110000011
25321400 (base 7) to base 10
2291093
-3b241 (base 16) to base 15
-4bb96
What is -3c867 (base 13) in base 11?
-78298
Convert 2306232 (base 8) to base 15.
c5663
Convert -1764751 (base 8) to base 11.
-324725
Convert 2b9a (base 15) to base 3.
110212001
Convert -274b48 (base 12) to base 7.
-5352014
-859506 (base 16) to base 15
-b7dd93
What is -59037 (base 12) in base 14?
-31679
Convert 412410241 (base 5) to base 11.
a51023
-10300031 (base 4) to base 14
-7149
11213230303 (base 4) to base 5
334121311
Convert -2021121202200 (base 3) to base 14.
-238029
Convert 133081 (base 10) to base 2.
100000011111011001
Convert 20201202112111 (base 3) to base 7.
42260206
Convert 11102222210100 (base 3) to base 13.
649026
150030325 (base 6) to base 14
5a3925
Convert -1200443220 (base 5) to base 13.
-75380b
Convert -27c00 (base 15) to base 7.
-1040640
Convert 68712b (base 13) to base 2.
1001011011011110010111
Convert -1120021110 (base 3) to base 2.
-111100001100011
Convert 262217 (base 8) to base 10.
91279
What is 122333320320 (base 4) in base 15?
94c03c
-14c2b (base 13) to base 15
-ba29
What is -1449a6 (base 11) in base 3?
-102111012201
Convert -112674 (base 11) to base 8.
-535731
228c1 (base 13) to base 12
30581
980226 (base 11) to base 13
42b246
What is -92469 (base 14) in base 13?
-c4364
What is 33e8b (base 15) in base 3?
22101201112
What is -57409 (base 11) in base 12?
-4005b
What is 2001002120122 (base 3) in base 15?
1664b5
-10210110200112 (base 3) to base 2
-111101100011010010010
What is -965ff (base 16) in base 10?
-615935
-10100010110001100101 (base 2) to base 15
-d2835
What is 71606 (base 10) in base 8?
213666
What is -3661303 (base 9) in base 10?
-1988958
What is 1403553443 (base 6) in base 2?
1000000110010000100100011
-1214130033 (base 5) to base 14
-54d7d8
Convert bc84b (base 14) to base 2.
1101111100110110011
Convert 2423e (base 16) to base 7.
1154401
120221102 (base 4) to base 7
600206
What is -11325 (base 9) in base 3?
-101100212
Convert -42e1e (base 15) to base 11.
-135668
-30231020131 (base 4) to base 14
-629ab3
What is -443023415 (base 6) in base 10?
-7981571
3682132 (base 10) to base 12
1296a44
What is 127ed4 (base 16) in base 2?
100100111111011010100
-3982288 (base 10) to base 2
-1111001100001111010000
Convert 10002221012 (base 3) to base 5.
3424222
Convert 1499a (base 11) to base 16.
52ab
11120122102 (base 3) to base 8
260031
46b86 (base 14) to base 13
60619
120417 (base 8) to base 3
2002120002
What is -101001110110001110110111 (base 2) in base 14?
-1657b83
What is 129d3 (base 15) in base 10?
59598
-10151121 (base 10) to base 6
-1001323533
What is 22241212 (base 5) in base 15?
3d307
Convert -2131000031 (base 4) to base 3.
-1012200010222
What is 1213101110 (base 4) in base 6?
13022152
-17ab1a8 (base 14) to base 2
-101100101010101001000000
Convert 105031105 (base 6) to base 12.
785495
What is -1100101101010000100100 (base 2) in base 10?
-3331108
-34100411 (base 5) to base 8
-1112112
What is -2053530 (base 6) in base 10?
-100638
What is 1f088 (base 16) in base 13?
45b1b
Convert 918446 (base 11) to base 8.
5501322
Convert 89680 (base 11) to base 16.
1fb81
2864844 (base 12) to base 5
4033021111
-73b30 (base 12) to base 13
-5421c
Convert 2210110 (base 5) to base 2.
1001010100001011
-1242030242 (base 5) to base 3
-12210111001202
-883747 (base 9) to base 11
-3304a7
What is 79a9aa (base 13) in base 14?
54d671
Convert 361766 (base 8) to base 6.
2353330
-22334446 (base 7) to base 14
-387826
Convert -c71c8 (base 14) to base 15.
-975d2
What is -355174 (base 8) in base 9?
-204554
What is -100100011000111101101 (base 2) in base 5?
-301124204
-447838 (base 10) to base 12
-1971ba
536665 (base 7) to base 10
93637
-44311331 (base 5) to base 11
-243467
Convert 195c36 (base 14) to base 13.
25667a
Convert 1a5264 (base 11) to base 14.
82832
Convert 11012200221 (base 3) to base 4.
110033020
-25507 (base 12) to base 14
-14755
What is 16ca2 (base 14) in base 10?
57374
What is 3803 (base 15) in base 12?
6aa0
-30aa8 (base 13) to base 5
-10300021
What is ba5577 (base 12) in base 10?
2953963
Convert 4576529 (base 10) to base 3.
22121111211002
21cac7 (base 14) to base 3
2011101022021
What is -1200761 (base 9) in base 6?
-21534001
Convert 745360 (base 10) to base 4.
2311332100
1132013 (base 6) to base 3
2222121100
Convert -11043300 (base 7) to base 14.
-1aad00
What is -553264 (base 7) in base 10?
-97213
19d07 (base 14) to base 3
10100002010
Convert 1102112001001 (base 3) to base 13.
207142
Convert -2100002021200 (base 3) to base 2.
-100101111001001011110
Convert -1075474 (base 13) to base 9.
-10428454
Convert -c857 (base 14) to base 13.
-12976
Convert -65768a (base 13) to base 9.
-4437400
12782038 (base 9) to base 8
30052327
Convert -10010000001001101 (base 2) to base 11.
-504a6
8754 (base 14) to base 5
1222043
-4131300 (base 9) to base 16
-21a71c
42878 (base 9) to base 4
12330011
Convert -11031223 (base 5) to base 8.
-273105
221230321222 (base 4) to base 16
a6ce6a
What is 387702 (base 11) in base 4?
2111002033
What is -12100212122122 (base 3) in base 16?
-2b830b
Convert 35632c (base 14) to base 13.
4ba7b5
31a76 (base 11) to base 4
23113103
121110112020122 (base 3) to base 12
2b1b545
-286566 (base 10) to base 7
-2302320
What is -21419 (base 10) in base 9?
-32338
Convert 10000101101000001101000 (base 2) to base 15.
5b7603
What is 22120222011202 (base 3) in base 4?
101122231133
4057484 (base 9) to base 6
114214504
9cf2bf (base 16) to base 4
213033022333
-426045 (base 7) to base 2
-10010000110001001
Convert -1358024 (base 9) to base 14.
-15646b
Convert 1660662 (base 10) to base 4.
12111123312
Convert 2319c3 (base 14) to base 15.
1893a0
Convert 131121111231 (base 4) to base 9.
15444533
8721900 (base 10) to base 15
b74400
What is 252255224 (base 6) in base 11?
282aa84
What is -25232134 (base 6) in base 14?
-172454
Convert 110203313 (base 5) to base 16.
74142
Convert -10675545 (base 8) to base 3.
-11101010210001
What is 220221212 (base 3) in base 15?
55ce
-100100000000011010 (base 2) to base 8
-440032
1261248 (base 11) to base 3
11002220200211
Convert -371622 (base 8) to base 5.
-13043030
What is 101110111100010101 (base 2) in base 16?
2ef15
-26fa43 (base 16) to base 9
-4723021
-100024132 (base 5) to base 11
-248913
Convert 32200300020 (base 4) to base 15.
502263
Convert 1073b3 (base 16) to base 10.
1078195
What is -159502 (base 12) in base 2?
-1011010000010010010
-10304320 (base 5) to base 4
-111200111
What is 384c08 (base 14) in base 6?
105242200
What is 4344020 (base 6) in base 8?
645714
Convert -373033 (base 9) to base 11.
-1442a0
5616653 (base 7) to base 8
2513166
Convert 5340151 (base 7) to base 8.
2362243
221222323 (base 4) to base 15
3588d
100836 (base 10) to base 2
11000100111100100
What is 23233102012 (base 4) in base 10?
3077254
What is -1033114134 (base 6) in ba